3 + 13*y**2 - 12*y - 2. Let n(f) = f**3 + 7*f**2 - 6*f - 1. Let c(v) = x*b(v) + 5*n(v). Let h = -8 + 3. Give c(h).
-4
Let z(o) be the first derivative of -2*o**2 - 2*o - 1. Let y(h) = -9*h - 4. Let x(b) = 3*y(b) - 7*z(b). Give x(-6).
-4
Let c(q) = -q**3 + q**2 + 4*q - 1. Let a(s) = 2*s**2 - 3*s + 1. Let y(f) = f**2 + 9*f + 10. Suppose -d - 16 = d. Let p be y(d). Let t be a(p). Give c(t).
-7
Suppose -3*v = -2*s - 17, -3*v = 2*v + 5*s - 20. Let w = v + -8. Let j(d) = -d**2 - d + 2. Let m be j(w). Let t(i) = i + 7. Calculate t(m).
3
Let b = 120 + -125. Let q(r) = r**3 + 4*r**2 - 6*r - 7. Give q(b).
-2
Let g(d) = 2*d - 10. Let i(s) = -5*s + 21. Let z(v) = 7*g(v) + 3*i(v). Determine z(-5).
-2
Suppose -1 = 2*b - 5. Let q(y) be the first derivative of -1 + 0*y - 2/3*y**3 + 3/2*y**2. Give q(b).
-2
Let b(m) = m - 2. Let i be b(7). Let n(x) = -x + i + 0 - 4. What is n(-3)?
4
Let j(i) be the third derivative of i**4/24 + 2*i**3/3 - 12*i**2. What is j(-4)?
0
Let j = 16 - 11. Suppose 3*y + 0 = 5*o + 10, -j*o - 2*y = -15. Let i = 0 - o. Let d(u) = -u - 2. Calculate d(i).
-1
Let f(q) be the second derivative of q**5/4 + q**4/6 + q**3/6 + 13*q. Determine f(-1).
-4
Suppose 6 = 2*c + 2. Suppose -4 - 2 = -c*y. Let f(z) = -4*z - 3*z**3 + 2*z**3 + 0*z + 4*z**2. What is f(y)?
-3
Let w(n) be the second derivative of n**3/6 + 7*n**2/2 - 2*n. Let u be w(-3). Let m(r) = r + 1. Determine m(u).
5
Let m(c) = -3 - 10*c + 1 - 7*c**2 + 11 + 2*c**3 - c**3. Give m(8).
-7
Let b = 10 - 7. Let c(m) = -m**b - m + 7*m**2 - 2 - 3*m**2 + 0*m. Determine c(3).
4
Let x(b) = -b**2 - 10*b + 5. Let g be x(-10). Let l = 4 - g. Let p = -3 + l. Let y(h) = h + 5. Give y(p).
1
Suppose 0 = -5*p + 2*p - 21. Let r(c) = -c - 2. What is r(p)?
5
Let d(p) = -39*p + 1 + 2 + 40*p. Let g(x) = -x**2 + 7*x - 11. Let w be g(6). What is d(w)?
-2
Let f(l) = -l**3 + 4*l**2 - 2*l + 2 + 0*l**3 - 5. Determine f(3).
0
Let p(o) = o**2 - 6*o - 2. Suppose 4*q - z = 10, -q - 1 = 3*z + 3. Let w(u) = -4*u**2 + 18*u + 5. Let v(x) = q*w(x) + 7*p(x). Calculate v(-5).
1
Let m(l) = -l - 15. Let u be m(-9). Let j(p) = p - 3. Determine j(u).
-9
Let h(l) = 4*l + 2. Let d(t) = 1. Let y(b) = -5*d(b) - h(b). Determine y(-6).
17
Let r(a) = a**3 + 13*a**2 + 4. Let b be r(-13). Suppose 3*n = -b*j + 11 + 14, 3*n = 9. Let w(z) = 1 + 0 - z + 3. Give w(j).
0
Suppose 5*n + 4 + 16 = 0. Let p(l) = -2*l - 3. Let v(y) = -y - 2. Let i be -15*(-3)/(-18)*2. Let t(j) = i*v(j) + 3*p(j). Calculate t(n).
5
Let y(m) = -m + 21. Let g be y(15). Let f(t) = t + 1. Give f(g).
7
Let o(h) = 4*h**2 + 2*h + 2. Suppose 47 = -3*f + 41. What is o(f)?
14
Let q(h) = -2*h**2 + 11*h + 9. Let b be 9/(-6)*8/(-6). Let v(y) = 0 + 4 + 0*y**2 + 5*y - y**2. Let d(g) = b*q(g) - 5*v(g). What is d(3)?
-2
Let o(t) be the third derivative of -t**6/120 + 2*t**5/15 - 7*t**4/24 - t**3 - 27*t**2 + 3*t. Suppose 15 + 9 = 3*d + r, 0 = -2*d + 3*r + 5. Give o(d).
-6
Let b = 20 - 42. Let y be (-4)/b + 65/(-55). Let q(g) = -8*g**3 - 2*g**2 - 2*g - 1. Determine q(y).
7
Let g(b) = b**3 + 5*b**2 - 5*b - 3. Suppose y - 7 = -13. What is g(y)?
-9
Let m(x) = -x**3 + 5*x**2 - 3*x. Let l be m(4). Suppose 0 = -2*b + 3*p + 5, l*p = 5*b + 2 + 3. Let k(c) = 2 + 3 - 4 - c. What is k(b)?
6
Let z be (-8)/(-3)*66/44. Let c(u) be the second derivative of 0 + 1/6*u**3 - 2*u - 4*u**2. Calculate c(z).
-4
Let o(f) = 2*f**3 + 2*f**3 - 1 + 8*f**3. Determine o(-1).
-13
Let i(z) = -5*z - 2. Let a be i(-2). Let l = -6 + a. Let h(s) = -7*s + 1. Let w(g) = -15*g + 2. Let f(o) = -13*h(o) + 6*w(o). What is f(l)?
1
Suppose 5*m = -15, 3*m + 27 = 4*r - 46. Let i = r - 11. Let n(q) be the third derivative of q**6/120 - q**5/15 - 7*q**4/24 + q**3/2 - 2*q**2. Determine n(i).
-7
Let i(x) be the second derivative of x**3/6 - 7*x**2/2 + 4*x. Suppose 5*k + 6 = 31. Give i(k).
-2
Suppose 2*f - 6 = 3*n - 2*n, -28 = -5*f - 4*n. Let d(p) = p**3 - 5*p**2 + 3*p - 3. Let u be d(f). Let a(k) = -k**3 - 8*k**2 - 7*k + 6. What is a(u)?
6
Let m(o) = -375*o + 185*o + 192*o. Determine m(2).
4
Let o(c) = c**2 - c + 1. Suppose -24 = -4*n - p, 2*n = 5*n + 4*p - 31. Suppose -4*k = -g + 6 + n, -4*g + 2 = 5*k. Calculate o(g).
7
Let i(l) = 4*l + 59. Let m be i(-13). Let d(k) = -2*k - 1. Give d(m).
-15
Let n(m) = 2*m**3 + 19*m**2 + m + 17. Let a(u) = -u**3 - 9*u**2 - u - 8. Let f(i) = -9*a(i) - 4*n(i). Determine f(-3).
7
Let z(l) = -2*l**2 - 4*l - 3. Let f(c) = 0*c + 0 + 1 + c. Let t be f(3). Let u = 2 - t. Calculate z(u).
-3
Let n be (-1*5 - 0) + 1. Let k = 0 - 3. Let d(i) = 2*i**3 - 3*i**2 + 7*i + 1. Let y(x) = 3*x**3 - 6*x**2 + 13*x + 2. Let u(o) = k*y(o) + 5*d(o). What is u(n)?
-1
Let i(a) be the first derivative of -a**4/24 + a**3/6 - a**2/2 - 1. Let z(s) be the second derivative of i(s). Determine z(5).
-4
Let f(w) = -2*w**2 - w**3 - w**3 + 2 - w - 2*w + 4*w. Determine f(-2).
8
Let g(t) = -2 + 4*t + 3 - 6*t. What is g(5)?
-9
Let o(n) = 10*n + 14. Let t(k) = 3*k + 5. Let r(g) = -2*o(g) + 7*t(g). Determine r(-4).
3
Let d = 1 + -7. Let t be (1 + -4)/(d/8). Let r(m) = -m + 2. Calculate r(t).
-2
Let h(d) = -d**3 - 5*d**2 - 4*d - 2. Let f = 11 + -13. Give h(f).
-6
Let k be 279/(-54) - (-2)/12. Let q(y) be the second derivative of y**5/20 + y**4/2 + y**3 - y**2/2 + y. Give q(k).
-6
Let f(a) be the third derivative of -4*a**2 - 1/60*a**5 + 0*a - 1/3*a**4 + 0 - 5/6*a**3. What is f(-5)?
10
Suppose -2*c = -3 - 1. Let x(m) = 0 + 0 + 1 - c + 2*m. What is x(3)?
5
Let v(q) = -q**2 + 2. Let f(d) = -d**2 + 8*d + 3. Let h(y) = f(y) - 2*v(y). Calculate h(-5).
-16
Let m = -10 + 19. Let h = m - -16. Let p be 2/(-4) - h/10. Let y(f) = f**3 + 3*f**2 + f - 3. Calculate y(p).
-6
Let b(f) = 5*f**3 - 12*f**2 + 8*f. Let r(z) = -z**3 + z**2. Let u(x) = -b(x) - 6*r(x). Calculate u(-7).
7
Let m(f) be the second derivative of -f**4/12 + f**3/6 + 7*f**2/2 - 56*f. Calculate m(0).
7
Let i(r) = -r**2 + 8*r - 7. Suppose -2*q + 45 = 2*q - 5*n, 0 = -q + n + 10. Calculate i(q).
8
Let q(u) = 10*u. Suppose -d + 0 + 3 = 0. Suppose -5*s = -h + 8 + 7, 4*h = -s - d. Suppose -o = -h*o + 1. Determine q(o).
-10
Suppose 2*u - 4*y - 28 = 0, 5*u - y - 40 + 15 = 0. Let p(g) = -g - 4 + 3 - u + 4. Let r be ((-2)/(-5))/(2/(-10)). What is p(r)?
1
Let r(m) = -m**2 - m - 4. Suppose d + 16 = -4*l, l = -2*d - 4*l - 20. Give r(d).
-4
Let i(v) = v - 8. Let o(s) = 4*s + 4. Let n be o(1). What is i(n)?
0
Suppose 0 = -4*f - 1 - 3. Let x(k) be the second derivative of k**5/20 + k**4/12 - k**3/6 - k. Let h be x(f). Let o(s) = -5*s**3 + s**2 + s - 1. Determine o(h).
-4
Let d(a) = 5*a + 5. Let p = -106 + 102. What is d(p)?
-15
Let y(m) = -7*m + 2*m - 5*m + 2 + 8*m. Suppose -2*c = -0*c. Suppose 0 = 5*t - c*t + 10. Determine y(t).
6
Suppose 5*z = 10, 4*r + 2 = 2*r + z. Let f(m) = 2*m + r - 7 + 3 - m. What is f(-4)?
-8
Suppose -8 + 29 = 7*j. Let t(m) be the first derivative of 4/3*m**j + m - m**2 + 3. Calculate t(1).
3
Let x(q) = -q - 2. Let s be x(-4). Suppose s*n + 0 - 2 = 0. Let t(f) be the second derivative of f**4/6 - f**2/2 + 8*f. What is t(n)?
1
Let o(b) = 3*b**2 + 10*b + 8. Let w(t) = 4*t**2 + 11*t + 9. Let l(d) = -5*o(d) + 4*w(d). Calculate l(6).
-4
Let w(h) = -h**2 + 3*h - 4. Let v(k) = -k**2 + 4*k - 4. Let s(g) = 3*v(g) - 2*w(g). Let a be s(4). Let p(y) = 2*y + 6 - a*y - 14. Calculate p(-6).
4
Suppose 5*i - 45 - 15 = 0. Let x be 8/i + (-5)/3. Let q(a) = 5*a - 1. Determine q(x).
-6
Let k(x) = -4*x - 3*x + 2*x + 2. Give k(3).
-13
Let b(r) be the second derivative of r**5/5 + r**3/6 + r**2/2 + r. Let m(u) = u + 3. Let g be m(-4). Calculate b(g).
-4
Let g(h) = h**2 - h + 3. Suppose -2 = -3*b + 4. Suppose b*x = t - 1, 6 = 3*x + 3*t - 15. Suppose -2*j = x*j. Calculate g(j).
3
Let c(b) = -2*b - 10. Let w be c(-7). Suppose -w*j = -j + 15. Let s = j - -6. Let r(z) = z - 2. Give r(s).
-1
Let l be (51/(-18) + 4)*6/28. Let x(v) be the first derivative of -1/2*v**2 - 1 + 4*v + l*v**4 - 4/3*v**3. Give x(4).
0
Let n(l) = -34*l - 31*l + 68*l. Give n(2).
6
Let r(a) = 10*a + 8. Let o(z) = -z - 1. Let p(x) = -18*o(x) - 2*r(x). Let m = 3 - 0. Give p(m).
-4
Let k(u) = 3*u - 5. Let p(c) = -6*c + 9. Let v(g) = -7*k(g) - 4*p(g). Suppose -5*n = 4*r - 1, 9*n - 4*r = 4*n + 9. Determine v(n).
2
Suppose -2 = -4*u + 6. Let v(z) = -3*z**2 - 2 + 1 + 5*z**u - 3*z**2. Give v(-1).
-2
Let l(b) = -6*b**3 - 2*b**2 + 1. Let q(y) = y**2 + 7